he remainder when 849426 is divided by 581.
4
Calculate the remainder when 3345 is divided by 1104.
33
What is the remainder when 799519 is divided by 7?
0
What is the remainder when 544 is divided by 157?
73
Calculate the remainder when 3539119 is divided by 410.
409
Calculate the remainder when 42395 is divided by 20868.
659
Calculate the remainder when 3939 is divided by 1892.
155
Calculate the remainder when 2741 is divided by 21.
11
Calculate the remainder when 1315 is divided by 447.
421
What is the remainder when 81520 is divided by 416?
400
What is the remainder when 11444 is divided by 18?
14
What is the remainder when 45233 is divided by 71?
6
What is the remainder when 412429 is divided by 95?
34
What is the remainder when 69986 is divided by 63?
56
Calculate the remainder when 107681 is divided by 193.
180
Calculate the remainder when 4537 is divided by 91.
78
Calculate the remainder when 385373 is divided by 64221.
47
Calculate the remainder when 3700 is divided by 53.
43
What is the remainder when 96494 is divided by 37?
35
Calculate the remainder when 49991 is divided by 179.
50
What is the remainder when 538810 is divided by 19?
8
Calculate the remainder when 6037 is divided by 458.
83
What is the remainder when 94345 is divided by 46?
45
Calculate the remainder when 45569 is divided by 134.
9
What is the remainder when 120797 is divided by 181?
70
What is the remainder when 3960 is divided by 3794?
166
What is the remainder when 7806 is divided by 79?
64
Calculate the remainder when 1125670 is divided by 17.
15
What is the remainder when 378171 is divided by 152?
147
What is the remainder when 5003 is divided by 129?
101
What is the remainder when 1107 is divided by 1103?
4
What is the remainder when 100952 is divided by 4807?
5
What is the remainder when 365 is divided by 312?
53
What is the remainder when 249571 is divided by 6087?
4
What is the remainder when 1769 is divided by 435?
29
What is the remainder when 163150 is divided by 132?
130
What is the remainder when 2866 is divided by 674?
170
What is the remainder when 2391 is divided by 1505?
886
Calculate the remainder when 702 is divided by 565.
137
What is the remainder when 137536 is divided by 20?
16
Calculate the remainder when 84237 is divided by 333.
321
What is the remainder when 2407 is divided by 1524?
883
Calculate the remainder when 1601 is divided by 475.
176
What is the remainder when 158624 is divided by 629?
116
Calculate the remainder when 82478 is divided by 27486.
20
Calculate the remainder when 673 is divided by 82.
17
Calculate the remainder when 6642 is divided by 317.
302
Calculate the remainder when 2236 is divided by 1114.
8
What is the remainder when 22969 is divided by 65?
24
What is the remainder when 175540 is divided by 14?
8
Calculate the remainder when 12603988 is divided by 141.
139
What is the remainder when 234931 is divided by 1666?
25
Calculate the remainder when 688 is divided by 121.
83
Calculate the remainder when 1060 is divided by 369.
322
Calculate the remainder when 202 is divided by 129.
73
Calculate the remainder when 172 is divided by 41.
8
What is the remainder when 37270 is divided by 246?
124
What is the remainder when 164457 is divided by 32879?
62
What is the remainder when 7112 is divided by 3435?
242
What is the remainder when 6532 is divided by 198?
196
Calculate the remainder when 8214 is divided by 27.
6
Calculate the remainder when 2782 is divided by 314.
270
What is the remainder when 188563 is divided by 52?
11
Calculate the remainder when 15644 is divided by 1317.
1157
What is the remainder when 79928 is divided by 17?
11
Calculate the remainder when 56525 is divided by 28259.
7
What is the remainder when 3984505 is divided by 21?
7
What is the remainder when 425310 is divided by 201?
195
What is the remainder when 43439 is divided by 79?
68
What is the remainder when 2536 is divided by 616?
72
What is the remainder when 46336 is divided by 181?
0
Calculate the remainder when 14479 is divided by 4799.
82
Calculate the remainder when 8122 is divided by 61.
9
What is the remainder when 13051 is divided by 4340?
31
What is the remainder when 1154404 is divided by 335?
329
What is the remainder when 1506958 is divided by 36?
34
What is the remainder when 54887 is divided by 337?
293
What is the remainder when 5566 is divided by 97?
37
Calculate the remainder when 22259 is divided by 35.
34
Calculate the remainder when 14223 is divided by 133.
125
Calculate the remainder when 72707 is divided by 1117.
102
What is the remainder when 2844 is divided by 344?
92
Calculate the remainder when 17516 is divided by 72.
20
What is the remainder when 160733 is divided by 940?
933
Calculate the remainder when 310078 is divided by 228.
226
What is the remainder when 914 is divided by 43?
11
Calculate the remainder when 5307 is divided by 69.
63
Calculate the remainder when 1078 is divided by 15.
13
What is the remainder when 82586 is divided by 13?
10
Calculate the remainder when 4801097 is divided by 164.
161
Calculate the remainder when 4142 is divided by 1356.
74
Calculate the remainder when 39267 is divided by 9815.
7
What is the remainder when 4543 is divided by 46?
35
Calculate the remainder when 263099 is divided by 32.
27
Calculate the remainder when 1094 is divided by 135.
14
What is the remainder when 197202 is divided by 15?
12
Calculate the remainder when 2754 is divided by 1312.
130
What is the remainder when 39861 is divided by 44?
41
Calculate the remainder when 6465 is divided by 6444.
21
What is the remainder when 184855 is divided by 13?
8
What is the remainder when 40804 is divided by 40790?
14
Calculate the remainder when 5025 is divided by 572.
449
What is the remainder when 16867 is divided by 1583?
1037
What is the remainder when 43227 is divided by 4794?
81
What is the remainder when 9699 is divided by 3218?
45
What is the remainder when 10222 is divided by 143?
69
Calculate the remainder when 221622 is divided by 167.
13
What is the remainder when 2475 is divided by 103?
3
Calculate the remainder when 437305 is divided by 34.
31
Calculate the remainder when 108671 is divided by 7761.
17
What is the remainder when 42373 is divided by 14?
9
What is the remainder when 9590452 is divided by 8?
4
What is the remainder when 70632 is divided by 1566?
162
What is the remainder when 82338 is divided by 255?
228
What is the remainder when 290623 is divided by 897?
892
Calculate the remainder when 88918 is divided by 18.
16
What is the remainder when 25939 is divided by 8600?
139
Calculate the remainder when 404021 is divided by 43.
36
What is the remainder when 21673 is divided by 54?
19
What is the remainder when 205750 is divided by 1169?
6
Calculate the remainder when 7691 is divided by 7678.
13
What is the remainder when 152789 is divided by 511?
0
Calculate the remainder when 1219 is divided by 88.
75
Calculate the remainder when 213175 is divided by 1140.
1135
Calculate the remainder when 2258550 is divided by 25.
0
Calculate the remainder when 2807 is divided by 86.
55
Calculate the remainder when 1459556 is divided by 53.
42
Calculate the remainder when 6769 is divided by 24.
1
What is the remainder when 2824147 is divided by 330?
7
What is the remainder when 8119 is divided by 8095?
24
What is the remainder when 1222 is divided by 244?
2
Calculate the remainder when 12813 is divided by 55.
53
What is the remainder when 1227 is divided by 362?
141
What is the remainder when 8584 is divided by 33?
4
Calculate the remainder when 11127 is divided by 11105.
22
What is the remainder when 1375 is divided by 390?
205
What is the remainder when 415972 is divided by 424?
28
Calculate the remainder when 39991 is divided by 33.
28
Calculate the remainder when 1455 is divided by 495.
465
What is the remainder when 19223 is divided by 740?
723
Calculate the remainder when 9555 is divided by 63.
42
Calculate the remainder when 9880 is divided by 1409.
17
What is the remainder when 4845778 is divided by 113?
112
What is the remainder when 36918 is divided by 12301?
15
Calculate the remainder when 85951 is divided by 11.
8
Calculate the remainder when 3960 is divided by 565.
5
Calculate the remainder when 535477 is